 of 6 and 12.
6
Calculate the highest common factor of 30 and 14730.
30
Calculate the greatest common divisor of 22 and 275.
11
What is the highest common divisor of 13480 and 100?
20
Calculate the highest common divisor of 37 and 185.
37
Calculate the greatest common factor of 20 and 18.
2
What is the greatest common factor of 115 and 20?
5
Calculate the greatest common divisor of 2138 and 10.
2
Calculate the highest common divisor of 1876 and 42.
14
What is the highest common factor of 476 and 224?
28
What is the highest common divisor of 585 and 1845?
45
What is the greatest common divisor of 5 and 5575?
5
What is the highest common divisor of 4579 and 723?
241
Calculate the greatest common divisor of 94 and 376.
94
Calculate the greatest common factor of 32 and 736.
32
Calculate the greatest common factor of 14787 and 106.
53
What is the highest common divisor of 287 and 7?
7
What is the highest common factor of 22 and 11?
11
Calculate the highest common factor of 60 and 40.
20
Calculate the highest common factor of 2312 and 4.
4
What is the highest common factor of 20 and 30?
10
Calculate the greatest common factor of 1 and 769.
1
What is the highest common factor of 14 and 94?
2
Calculate the highest common factor of 324 and 4698.
162
Calculate the greatest common factor of 10 and 290.
10
What is the highest common divisor of 21 and 336?
21
What is the highest common divisor of 31 and 5177?
31
Calculate the highest common factor of 44 and 5632.
44
What is the greatest common factor of 272 and 464?
16
What is the greatest common divisor of 12 and 279?
3
Calculate the highest common divisor of 4446 and 9.
9
Calculate the highest common divisor of 96 and 36.
12
Calculate the highest common divisor of 1820 and 390.
130
What is the greatest common factor of 103929 and 343?
343
Calculate the highest common factor of 1876 and 4288.
268
What is the greatest common divisor of 13 and 793?
13
Calculate the highest common factor of 2 and 3298.
2
What is the greatest common factor of 2660 and 5?
5
Calculate the greatest common divisor of 7 and 3.
1
Calculate the greatest common divisor of 23760 and 88.
88
Calculate the highest common divisor of 37 and 3959.
37
Calculate the greatest common factor of 1112 and 16.
8
What is the highest common factor of 3025 and 50?
25
What is the highest common factor of 100 and 20?
20
What is the greatest common divisor of 4680 and 364?
52
Calculate the highest common divisor of 64 and 352.
32
What is the greatest common divisor of 117 and 78?
39
Calculate the highest common factor of 1038 and 6.
6
Calculate the greatest common divisor of 14 and 847.
7
What is the highest common factor of 280 and 30?
10
Calculate the highest common factor of 5 and 2855.
5
What is the highest common divisor of 16 and 24?
8
What is the greatest common factor of 251 and 176955?
251
What is the highest common factor of 33 and 12837?
33
Calculate the highest common factor of 726 and 25168.
242
Calculate the greatest common divisor of 180 and 140.
20
Calculate the greatest common divisor of 2130 and 45.
15
Calculate the greatest common factor of 1462 and 172.
86
What is the highest common divisor of 15 and 65?
5
What is the greatest common divisor of 80 and 1520?
80
Calculate the greatest common factor of 4820 and 40.
20
What is the highest common factor of 19513 and 247?
247
Calculate the greatest common factor of 18 and 22320.
18
Calculate the greatest common divisor of 21 and 1743.
21
What is the highest common divisor of 154 and 66?
22
What is the greatest common factor of 17 and 4811?
17
Calculate the highest common factor of 164 and 17712.
164
Calculate the highest common factor of 855 and 7885.
95
Calculate the greatest common divisor of 34 and 391.
17
What is the highest common factor of 435 and 30?
15
What is the highest common factor of 154 and 77?
77
What is the highest common divisor of 10541 and 83?
83
What is the greatest common factor of 16 and 4?
4
What is the highest common divisor of 96 and 6144?
96
Calculate the greatest common divisor of 12573 and 254.
127
Calculate the greatest common factor of 492 and 24.
12
Calculate the highest common divisor of 602 and 86.
86
Calculate the greatest common divisor of 2560 and 4000.
160
What is the highest common divisor of 42 and 1050?
42
What is the greatest common factor of 2035 and 13024?
407
What is the highest common factor of 261 and 29?
29
Calculate the greatest common divisor of 406 and 2552.
58
Calculate the highest common factor of 834 and 6.
6
Calculate the highest common divisor of 375 and 20.
5
What is the highest common factor of 190 and 3895?
95
What is the highest common factor of 1081 and 23?
23
What is the highest common factor of 246 and 66?
6
What is the greatest common factor of 4165 and 170?
85
What is the highest common factor of 726 and 132?
66
Calculate the highest common divisor of 54 and 6912.
54
Calculate the greatest common divisor of 38 and 26.
2
Calculate the greatest common divisor of 128 and 47744.
128
Calculate the highest common divisor of 882 and 504.
126
Calculate the highest common factor of 126 and 14.
14
Calculate the highest common divisor of 2214 and 328.
82
Calculate the highest common divisor of 15650 and 250.
50
What is the greatest common divisor of 851 and 46?
23
What is the highest common divisor of 5 and 35?
5
Calculate the highest common divisor of 6860 and 140.
140
Calculate the greatest common divisor of 416 and 1352.
104
Calculate the highest common divisor of 40 and 400.
40
Calculate the highest common divisor of 2698 and 4118.
142
What is the greatest common factor of 2015 and 585?
65
What is the greatest common divisor of 6 and 5316?
6
Calculate the highest common factor of 1937 and 13.
13
What is the greatest common divisor of 729 and 18?
9
What is the highest common divisor of 236 and 649?
59
What is the highest common divisor of 3570 and 2310?
210
What is the highest common factor of 4 and 32?
4
Calculate the highest common factor of 990 and 44.
22
Calculate the highest common factor of 2556 and 72.
36
What is the greatest common factor of 208 and 32?
16
What is the greatest common factor of 6 and 1374?
6
What is the greatest common divisor of 208 and 192?
16
What is the greatest common factor of 11 and 1298?
11
Calculate the highest common factor of 784 and 49.
49
Calculate the greatest common factor of 20971 and 201.
67
What is the greatest common factor of 8 and 104?
8
What is the greatest common divisor of 1088 and 256?
64
Calculate the highest common divisor of 2552 and 174.
58
What is the greatest common factor of 8 and 36?
4
Calculate the greatest common factor of 48 and 896.
16
What is the highest common divisor of 22 and 10395?
11
What is the greatest common factor of 90 and 1350?
90
What is the highest common factor of 288 and 320?
32
What is the greatest common divisor of 2512 and 208?
16
Calculate the highest common factor of 259 and 333.
37
What is the highest common factor of 274 and 17947?
137
What is the greatest common factor of 49 and 819?
7
What is the greatest common factor of 112 and 126?
14
What is the greatest common factor of 10 and 590?
10
What is the greatest common divisor of 750 and 180?
30
What is the greatest common factor of 2385 and 212?
53
What is the greatest common divisor of 26 and 44?
2
What is the greatest common divisor of 16 and 46832?
16
What is the greatest common divisor of 10900 and 200?
100
Calculate the greatest common divisor of 28 and 91.
7
Calculate the highest common divisor of 13 and 533.
13
Calculate the highest common divisor of 533 and 13.
13
Calculate the highest common divisor of 66 and 418.
22
Calculate the highest common factor of 42 and 525.
21
Calculate the greatest common factor of 105 and 525.
105
What is the highest common factor of 18228 and 14?
14
Calculate the greatest common factor of 32 and 22048.
32
Calculate the highest common divisor of 232 and 400.
8
Calculate the highest common divisor of 21 and 210.
21
What is the greatest common divisor of 27 and 837?
27
What is the greatest common factor of 275 and 55?
55
Calculate the greatest common divisor of 62 and 837.
31
What is the greatest common divisor of 1720 and 24?
8
What is the greatest common facto